ctors of 34181.
7, 19, 257
List the prime factors of 10050.
2, 3, 5, 67
List the prime factors of 88627.
7, 11, 1151
List the prime factors of 11984.
2, 7, 107
What are the prime factors of 533?
13, 41
What are the prime factors of 119225?
5, 19, 251
List the prime factors of 18052.
2, 4513
What are the prime factors of 152375?
5, 23, 53
What are the prime factors of 5777?
53, 109
List the prime factors of 88036.
2, 13, 1693
List the prime factors of 43856.
2, 2741
What are the prime factors of 13453?
11, 1223
List the prime factors of 58499.
7, 61, 137
What are the prime factors of 49827?
3, 17, 977
What are the prime factors of 1926?
2, 3, 107
List the prime factors of 462.
2, 3, 7, 11
List the prime factors of 6176.
2, 193
What are the prime factors of 10413?
3, 13, 89
List the prime factors of 771.
3, 257
What are the prime factors of 1722?
2, 3, 7, 41
List the prime factors of 12752.
2, 797
What are the prime factors of 793?
13, 61
List the prime factors of 3761.
3761
What are the prime factors of 494?
2, 13, 19
What are the prime factors of 3795?
3, 5, 11, 23
What are the prime factors of 106081?
43, 2467
What are the prime factors of 13620?
2, 3, 5, 227
What are the prime factors of 12426?
2, 3, 19, 109
List the prime factors of 780.
2, 3, 5, 13
List the prime factors of 5401.
11, 491
What are the prime factors of 7060?
2, 5, 353
List the prime factors of 2784.
2, 3, 29
What are the prime factors of 24275?
5, 971
List the prime factors of 1009.
1009
List the prime factors of 421.
421
What are the prime factors of 499?
499
List the prime factors of 2594.
2, 1297
What are the prime factors of 4739?
7, 677
What are the prime factors of 2651?
11, 241
List the prime factors of 342.
2, 3, 19
What are the prime factors of 58686?
2, 3, 9781
What are the prime factors of 13575?
3, 5, 181
List the prime factors of 116686.
2, 41, 1423
What are the prime factors of 1257?
3, 419
What are the prime factors of 6337?
6337
What are the prime factors of 1690?
2, 5, 13
What are the prime factors of 598?
2, 13, 23
What are the prime factors of 22832?
2, 1427
List the prime factors of 251.
251
List the prime factors of 4821.
3, 1607
What are the prime factors of 40090?
2, 5, 19, 211
What are the prime factors of 137690?
2, 5, 7, 281
What are the prime factors of 325?
5, 13
What are the prime factors of 1337?
7, 191
List the prime factors of 974.
2, 487
List the prime factors of 6072.
2, 3, 11, 23
What are the prime factors of 1073?
29, 37
List the prime factors of 357.
3, 7, 17
List the prime factors of 16514.
2, 23, 359
List the prime factors of 1701.
3, 7
What are the prime factors of 693?
3, 7, 11
What are the prime factors of 2134?
2, 11, 97
What are the prime factors of 4364?
2, 1091
What are the prime factors of 939?
3, 313
What are the prime factors of 449?
449
List the prime factors of 1807.
13, 139
List the prime factors of 1011.
3, 337
List the prime factors of 9898.
2, 7, 101
List the prime factors of 38.
2, 19
List the prime factors of 88300.
2, 5, 883
What are the prime factors of 1132?
2, 283
What are the prime factors of 19085?
5, 11, 347
What are the prime factors of 14482?
2, 13, 557
What are the prime factors of 69709?
69709
List the prime factors of 16647.
3, 31, 179
What are the prime factors of 82558?
2, 7, 5897
List the prime factors of 709.
709
List the prime factors of 1899.
3, 211
List the prime factors of 28930.
2, 5, 11, 263
What are the prime factors of 104?
2, 13
What are the prime factors of 7854?
2, 3, 7, 11, 17
What are the prime factors of 5002?
2, 41, 61
List the prime factors of 145.
5, 29
List the prime factors of 4050.
2, 3, 5
What are the prime factors of 112443?
3, 37, 1013
What are the prime factors of 1752?
2, 3, 73
What are the prime factors of 83081?
251, 331
What are the prime factors of 5730?
2, 3, 5, 191
List the prime factors of 145578.
2, 3, 19, 1277
What are the prime factors of 15949?
41, 389
What are the prime factors of 1482?
2, 3, 13, 19
What are the prime factors of 130901?
223, 587
List the prime factors of 16956.
2, 3, 157
What are the prime factors of 70571?
70571
List the prime factors of 1138.
2, 569
List the prime factors of 15361.
15361
List the prime factors of 1401.
3, 467
What are the prime factors of 833?
7, 17
List the prime factors of 32462.
2, 16231
List the prime factors of 23134.
2, 43, 269
What are the prime factors of 4117?
23, 179
List the prime factors of 14291.
31, 461
What are the prime factors of 2109?
3, 19, 37
What are the prime factors of 855?
3, 5, 19
What are the prime factors of 846?
2, 3, 47
List the prime factors of 44580.
2, 3, 5, 743
What are the prime factors of 21?
3, 7
List the prime factors of 12373.
12373
What are the prime factors of 814?
2, 11, 37
What are the prime factors of 1059?
3, 353
What are the prime factors of 2003?
2003
What are the prime factors of 19038?
2, 3, 19, 167
List the prime factors of 4356.
2, 3, 11
What are the prime factors of 1272?
2, 3, 53
What are the prime factors of 26849?
26849
What are the prime factors of 937?
937
What are the prime factors of 56540?
2, 5, 11, 257
List the prime factors of 45500.
2, 5, 7, 13
List the prime factors of 607.
607
What are the prime factors of 31438?
2, 11, 1429
List the prime factors of 405.
3, 5
What are the prime factors of 3874?
2, 13, 149
What are the prime factors of 1033?
1033
List the prime factors of 21728.
2, 7, 97
List the prime factors of 390.
2, 3, 5, 13
What are the prime factors of 835?
5, 167
List the prime factors of 14580.
2, 3, 5
List the prime factors of 5795.
5, 19, 61
List the prime factors of 3857.
7, 19, 29
List the prime factors of 1184.
2, 37
List the prime factors of 1936.
2, 11
What are the prime factors of 13708?
2, 23, 149
List the prime factors of 62689.
11, 41, 139
List the prime factors of 179712.
2, 3, 13
List the prime factors of 167.
167
List the prime factors of 23154.
2, 3, 17, 227
What are the prime factors of 13545?
3, 5, 7, 43
List the prime factors of 11200.
2, 5, 7
List the prime factors of 4098.
2, 3, 683
List the prime factors of 809.
809
What are the prime factors of 6514?
2, 3257
List the prime factors of 3732.
2, 3, 311
List the prime factors of 6980.
2, 5, 349
What are the prime factors of 16574?
2, 8287
What are the prime factors of 10179?
3, 13, 29
List the prime factors of 6730.
2, 5, 673
What are the prime factors of 737?
11, 67
What are the prime factors of 6310?
2, 5, 631
What are the prime factors of 839?
839
List the prime factors of 1030.
2, 5, 103
What are the prime factors of 1566?
2, 3, 29
What are the prime factors of 589?
19, 31
What are the prime factors of 27348?
2, 3, 43, 53
What are the prime factors of 4374?
2, 3
What are the prime factors of 106210?
2, 5, 13, 19, 43
What are the prime factors of 17245?
5, 3449
What are the prime factors of 2216?
2, 277
What are the prime factors of 19246?
2, 9623
List the prime factors of 2253.
3, 751
List the prime factors of 2505.
3, 5, 167
List the prime factors of 977.
977
List the prime factors of 3377.
11, 307
List the prime factors of 424.
2, 53
What are the prime factors of 27830?
2, 5, 11, 23
List the prime factors of 2188.
2, 547
List the prime factors of 723.
3, 241
What are the prime factors of 381?
3, 127
What are the prime factors of 42625?
5, 11, 31
What are the prime factors of 173064?
2, 3, 7211
List the prime factors of 79.
79
List the prime factors of 34005.
3, 5, 2267
What are the prime factors of 9745?
5, 1949
What are the prime factors of 1101?
3, 367
List the prime factors of 48149.
89, 541
What are the prime factors of 3156?
2, 3, 263
What are the prime factors of 12006?
2, 3, 23, 29
What are the prime factors of 350?
2, 5, 7
List the prime factors of 3159.
3, 13
List the prime factors of 3166.
2, 1583
List the prime factors of 39903.
3, 47, 283
List the prime factors of 6326.
2, 3163
List the prime factors of 473.
11, 43
What are the prime factors of 56580?
2, 3, 5, 23, 41
What are the prime factors of 62842?
2, 13, 2417
What are the prime factors of 844?
2, 211
List the prime factors of 27929.
11, 2539
What are the prime factors of 29487?
3, 9829
List the prime factors of 1425.
3, 5, 19
What are the prime factors of 47552?
2, 743
List the prime factors of 156.
2, 3, 13
What 